{"id":1713,"date":"2026-03-21T22:02:32","date_gmt":"2026-03-21T22:02:32","guid":{"rendered":"https:\/\/www.we-doevents.com\/?page_id=1713"},"modified":"2026-03-25T19:49:32","modified_gmt":"2026-03-25T19:49:32","slug":"fitness-night-2","status":"publish","type":"page","link":"https:\/\/www.we-doevents.com\/index.php\/fitness-night-2\/","title":{"rendered":"Fitness Night"},"content":{"rendered":"\t\t<div data-elementor-type=\"wp-page\" data-elementor-id=\"1713\" class=\"elementor elementor-1713\">\n\t\t\t\t<div class=\"elementor-element elementor-element-3953c3d e-flex e-con-boxed e-con e-parent\" data-id=\"3953c3d\" data-element_type=\"container\" data-e-type=\"container\" data-settings=\"{&quot;background_background&quot;:&quot;classic&quot;}\">\n\t\t\t\t\t<div class=\"e-con-inner\">\n\t\t\t\t<div class=\"elementor-element elementor-element-546ba246 elementor-widget elementor-widget-html\" data-id=\"546ba246\" data-element_type=\"widget\" data-e-type=\"widget\" data-widget_type=\"html.default\">\n\t\t\t\t\t<div style=\"text-align: center; max-width: 800px; margin: 0 auto; padding: 0 20px;\">\r\n    <h1 class=\"fw-bold text-white\" style=\"font-family: 'Plus Jakarta Sans', sans-serif; font-size: 4rem; line-height: 1.1; letter-spacing: -1px; margin-bottom: 20px;\">\r\n        FITNESS NIGHT\r\n    <\/h1>\r\n    <h2 style=\"color: var(--wede-red); font-weight: 700; font-size: 1.5rem; text-transform: uppercase; margin-bottom: 30px;\">\r\n        Une exp\u00e9rience fitness immersive entre sport, musique et lumi\u00e8re\r\n    <\/h2>\r\n    <div style=\"display: flex; gap: 20px; justify-content: center; flex-wrap: wrap;\">\r\n        <a href=\"mailto:contact.wedoevent@gmail.com\" class=\"btn-speed\">\r\n            <span>DEMANDER UN DEVIS<\/span>\r\n        <\/a>\r\n\r\n    <\/div>\r\n<\/div>\t\t\t\t<\/div>\n\t\t\t\t\t<\/div>\n\t\t\t\t<\/div>\n\t\t<div class=\"elementor-element elementor-element-1ed32ac e-flex e-con-boxed e-con e-parent\" data-id=\"1ed32ac\" data-element_type=\"container\" data-e-type=\"container\">\n\t\t\t\t\t<div class=\"e-con-inner\">\n\t\t\t\t<div class=\"elementor-element elementor-element-35f3a2af elementor-widget elementor-widget-heading\" data-id=\"35f3a2af\" data-element_type=\"widget\" data-e-type=\"widget\" data-widget_type=\"heading.default\">\n\t\t\t\t\t<h2 class=\"elementor-heading-title elementor-size-default\">LE Fitness NIGHT<\/h2>\t\t\t\t<\/div>\n\t\t\t\t<div class=\"elementor-element elementor-element-75483875 elementor-widget-divider--view-line elementor-widget elementor-widget-divider\" data-id=\"75483875\" data-element_type=\"widget\" data-e-type=\"widget\" data-widget_type=\"divider.default\">\n\t\t\t\t\t\t\t<div class=\"elementor-divider\">\n\t\t\t<span class=\"elementor-divider-separator\">\n\t\t\t\t\t\t<\/span>\n\t\t<\/div>\n\t\t\t\t\t\t<\/div>\n\t\t\t\t\t<\/div>\n\t\t\t\t<\/div>\n\t\t<div class=\"elementor-element elementor-element-45a7ea5e e-flex e-con-boxed e-con e-parent\" data-id=\"45a7ea5e\" data-element_type=\"container\" data-e-type=\"container\">\n\t\t\t\t\t<div class=\"e-con-inner\">\n\t\t<div class=\"elementor-element elementor-element-2cd40f7a e-con-full e-flex e-con e-child\" data-id=\"2cd40f7a\" data-element_type=\"container\" data-e-type=\"container\" data-settings=\"{&quot;background_background&quot;:&quot;classic&quot;}\">\n\t\t\t\t<div class=\"elementor-element elementor-element-5d67a920 elementor-widget elementor-widget-text-editor\" data-id=\"5d67a920\" data-element_type=\"widget\" data-e-type=\"widget\" data-widget_type=\"text-editor.default\">\n\t\t\t\t\t\t\t\t\t<p data-start=\"49\" data-end=\"187\">Fitness Night est une soir\u00e9e immersive m\u00ealant sport, musique et ambiance \u00e9v\u00e9nementielle, qui se d\u00e9roulera le samedi 27 juin 2026 au gymnase Japy 75011 Paris.<\/p><p data-start=\"189\" data-end=\"359\">Pens\u00e9e comme une v\u00e9ritable exp\u00e9rience nocturne, Fitness Night transforme la pratique sportive en un moment festif, motivant et accessible \u00e0 tous, quel que soit le niveau.<\/p><p data-start=\"361\" data-end=\"550\">Pendant plusieurs heures, les participants encha\u00eenent des cours collectifs vari\u00e9s dans une atmosph\u00e8re unique, rythm\u00e9e par un DJ, des jeux de lumi\u00e8res et une sc\u00e9nographie sonore et visuelle.<\/p>\t\t\t\t\t\t\t\t<\/div>\n\t\t\t\t<\/div>\n\t\t<div class=\"elementor-element elementor-element-6b657c13 e-con-full e-flex e-con e-child\" data-id=\"6b657c13\" data-element_type=\"container\" data-e-type=\"container\">\n\t\t\t\t<div class=\"elementor-element elementor-element-5710a166 elementor-widget elementor-widget-text-editor\" data-id=\"5710a166\" data-element_type=\"widget\" data-e-type=\"widget\" data-widget_type=\"text-editor.default\">\n\t\t\t\t\t\t\t\t\t<p data-start=\"552\" data-end=\"866\">Au-del\u00e0 de l\u2019exp\u00e9rience sportive, l\u2019\u00e9v\u00e9nement porte une dimension solidaire : une partie des fonds r\u00e9colt\u00e9s sera revers\u00e9e \u00e0 l\u2019association Sport &amp; Bien-\u00catre afin de soutenir le dispositif \u00ab La Basket Suspendue \u00bb, permettant de financer des abonnements sportifs pour des personnes n\u2019ayant pas les moyens d\u2019y acc\u00e9der.<\/p><p data-start=\"868\" data-end=\"1062\" data-is-last-node=\"\" data-is-only-node=\"\">L\u2019\u00e9v\u00e9nement, organis\u00e9 en int\u00e9rieur au gymnase Japy, s\u2019adapte aux diff\u00e9rents publics et aux objectifs des partenaires, qu\u2019il s\u2019agisse de collectivit\u00e9s, d\u2019entreprises ou d\u2019\u00e9v\u00e9nements grand public.<\/p><p><span style=\"font-size: 1rem;\">\u00a0<\/span><\/p>\t\t\t\t\t\t\t\t<\/div>\n\t\t\t\t<\/div>\n\t\t\t\t\t<\/div>\n\t\t\t\t<\/div>\n\t\t<div class=\"elementor-element elementor-element-68654ac9 e-flex e-con-boxed e-con e-child\" data-id=\"68654ac9\" data-element_type=\"container\" data-e-type=\"container\">\n\t\t\t\t\t<div class=\"e-con-inner\">\n\t\t<div class=\"elementor-element elementor-element-1b46125c e-con-full wede-visual-card e-flex e-con e-child\" data-id=\"1b46125c\" data-element_type=\"container\" data-e-type=\"container\">\n\t\t\t\t<div class=\"elementor-element elementor-element-27bf7a80 wede-visual-img elementor-widget elementor-widget-image\" data-id=\"27bf7a80\" data-element_type=\"widget\" data-e-type=\"widget\" data-widget_type=\"image.default\">\n\t\t\t\t\t\t\t\t\t\t\t\t\t\t\t<img fetchpriority=\"high\" decoding=\"async\" width=\"683\" height=\"1024\" src=\"https:\/\/www.we-doevents.com\/wp-content\/uploads\/2026\/03\/ChatGPT-Image-25-mars-2026-20_42_29-683x1024.png\" class=\"attachment-large size-large wp-image-2046\" alt=\"\" srcset=\"https:\/\/www.we-doevents.com\/wp-content\/uploads\/2026\/03\/ChatGPT-Image-25-mars-2026-20_42_29-683x1024.png 683w, https:\/\/www.we-doevents.com\/wp-content\/uploads\/2026\/03\/ChatGPT-Image-25-mars-2026-20_42_29-200x300.png 200w, https:\/\/www.we-doevents.com\/wp-content\/uploads\/2026\/03\/ChatGPT-Image-25-mars-2026-20_42_29-768x1152.png 768w, https:\/\/www.we-doevents.com\/wp-content\/uploads\/2026\/03\/ChatGPT-Image-25-mars-2026-20_42_29.png 1024w\" sizes=\"(max-width: 683px) 100vw, 683px\" \/>\t\t\t\t\t\t\t\t\t\t\t\t\t\t\t<\/div>\n\t\t\t\t<div class=\"elementor-element elementor-element-6d0c07f8 elementor-widget elementor-widget-heading\" data-id=\"6d0c07f8\" data-element_type=\"widget\" data-e-type=\"widget\" data-widget_type=\"heading.default\">\n\t\t\t\t\t<h2 class=\"elementor-heading-title elementor-size-default\">OBJECTIF DE L'EVENTS<\/h2>\t\t\t\t<\/div>\n\t\t\t\t<div class=\"elementor-element elementor-element-c906d1e elementor-widget elementor-widget-text-editor\" data-id=\"c906d1e\" data-element_type=\"widget\" data-e-type=\"widget\" data-widget_type=\"text-editor.default\">\n\t\t\t\t\t\t\t\t\t<ul><li style=\"font-weight: 400;\" aria-level=\"1\"><span style=\"font-weight: 400;\">Proposer une exp\u00e9rience fitness immersive et innovante<\/span><\/li><li style=\"font-weight: 400;\" aria-level=\"1\"><span style=\"font-weight: 400;\">Associer activit\u00e9 physique, musique et ambiance festive<\/span><\/li><li style=\"font-weight: 400;\" aria-level=\"1\"><span style=\"font-weight: 400;\">Favoriser la motivation et l\u2019engagement des participants<\/span><\/li><li style=\"font-weight: 400;\" aria-level=\"1\"><span style=\"font-weight: 400;\">Rendre le sport accessible sous une forme ludique et moderne<\/span><\/li><li style=\"font-weight: 400;\" aria-level=\"1\"><span style=\"font-weight: 400;\">Cr\u00e9er un \u00e9v\u00e9nement f\u00e9d\u00e9rateur \u00e0 forte attractivit\u00e9<\/span><\/li><li data-section-id=\"15v45cg\" data-start=\"81\" data-end=\"173\">\u00a0<\/li><\/ul>\t\t\t\t\t\t\t\t<\/div>\n\t\t\t\t<\/div>\n\t\t<div class=\"elementor-element elementor-element-4962c49a e-con-full wede-visual-card e-flex e-con e-child\" data-id=\"4962c49a\" data-element_type=\"container\" data-e-type=\"container\">\n\t\t\t\t<div class=\"elementor-element elementor-element-c06167a wede-visual-img elementor-widget elementor-widget-image\" data-id=\"c06167a\" data-element_type=\"widget\" data-e-type=\"widget\" data-widget_type=\"image.default\">\n\t\t\t\t\t\t\t\t\t\t\t\t\t\t\t<img decoding=\"async\" width=\"683\" height=\"1024\" src=\"https:\/\/www.we-doevents.com\/wp-content\/uploads\/2026\/03\/ChatGPT-Image-25-mars-2026-20_48_18-683x1024.png\" class=\"attachment-large size-large wp-image-2048\" alt=\"\" srcset=\"https:\/\/www.we-doevents.com\/wp-content\/uploads\/2026\/03\/ChatGPT-Image-25-mars-2026-20_48_18-683x1024.png 683w, https:\/\/www.we-doevents.com\/wp-content\/uploads\/2026\/03\/ChatGPT-Image-25-mars-2026-20_48_18-200x300.png 200w, https:\/\/www.we-doevents.com\/wp-content\/uploads\/2026\/03\/ChatGPT-Image-25-mars-2026-20_48_18-768x1152.png 768w, https:\/\/www.we-doevents.com\/wp-content\/uploads\/2026\/03\/ChatGPT-Image-25-mars-2026-20_48_18.png 1024w\" sizes=\"(max-width: 683px) 100vw, 683px\" \/>\t\t\t\t\t\t\t\t\t\t\t\t\t\t\t<\/div>\n\t\t\t\t<div class=\"elementor-element elementor-element-1b2f313 elementor-widget elementor-widget-heading\" data-id=\"1b2f313\" data-element_type=\"widget\" data-e-type=\"widget\" data-widget_type=\"heading.default\">\n\t\t\t\t\t<h2 class=\"elementor-heading-title elementor-size-default\">D\u00c9ROUL\u00c9 DE L'EVENTS<\/h2>\t\t\t\t<\/div>\n\t\t\t\t<div class=\"elementor-element elementor-element-313c5f80 elementor-widget elementor-widget-text-editor\" data-id=\"313c5f80\" data-element_type=\"widget\" data-e-type=\"widget\" data-widget_type=\"text-editor.default\">\n\t\t\t\t\t\t\t\t\t<ul><li style=\"font-weight: 400;\" aria-level=\"1\"><span style=\"font-weight: 400;\">Ouverture des portes et accueil des participants<\/span><\/li><li style=\"font-weight: 400;\" aria-level=\"1\"><span style=\"font-weight: 400;\">\u00c9chauffement collectif en musique<\/span><\/li><li style=\"font-weight: 400;\" aria-level=\"1\"><span style=\"font-weight: 400;\">Encha\u00eenement de cours fitness anim\u00e9s par des coachs<\/span><\/li><li style=\"font-weight: 400;\" aria-level=\"1\"><span style=\"font-weight: 400;\">DJ set et ambiance sonore continue<\/span><\/li><li style=\"font-weight: 400;\" aria-level=\"1\"><span style=\"font-weight: 400;\">Temps forts, shows et animations<\/span><\/li><li style=\"font-weight: 400;\" aria-level=\"1\"><span style=\"font-weight: 400;\">Cl\u00f4ture de la soir\u00e9e dans une ambiance festive<\/span><\/li><\/ul>\t\t\t\t\t\t\t\t<\/div>\n\t\t\t\t<\/div>\n\t\t<div class=\"elementor-element elementor-element-4c5c74f7 e-con-full wede-visual-card e-flex e-con e-child\" data-id=\"4c5c74f7\" data-element_type=\"container\" data-e-type=\"container\">\n\t\t\t\t<div class=\"elementor-element elementor-element-28f939a8 wede-visual-img elementor-widget elementor-widget-image\" data-id=\"28f939a8\" data-element_type=\"widget\" data-e-type=\"widget\" data-widget_type=\"image.default\">\n\t\t\t\t\t\t\t\t\t\t\t\t\t\t\t<img decoding=\"async\" width=\"800\" height=\"534\" src=\"https:\/\/www.we-doevents.com\/wp-content\/uploads\/2026\/03\/25-mars-2026-20_40_14-1024x683.png\" class=\"attachment-large size-large wp-image-2049\" alt=\"\" srcset=\"https:\/\/www.we-doevents.com\/wp-content\/uploads\/2026\/03\/25-mars-2026-20_40_14-1024x683.png 1024w, https:\/\/www.we-doevents.com\/wp-content\/uploads\/2026\/03\/25-mars-2026-20_40_14-300x200.png 300w, https:\/\/www.we-doevents.com\/wp-content\/uploads\/2026\/03\/25-mars-2026-20_40_14-768x512.png 768w, https:\/\/www.we-doevents.com\/wp-content\/uploads\/2026\/03\/25-mars-2026-20_40_14.png 1536w\" sizes=\"(max-width: 800px) 100vw, 800px\" \/>\t\t\t\t\t\t\t\t\t\t\t\t\t\t\t<\/div>\n\t\t\t\t<div class=\"elementor-element elementor-element-2b38b elementor-widget elementor-widget-heading\" data-id=\"2b38b\" data-element_type=\"widget\" data-e-type=\"widget\" data-widget_type=\"heading.default\">\n\t\t\t\t\t<h2 class=\"elementor-heading-title elementor-size-default\">PUBLICS CONCERNES<\/h2>\t\t\t\t<\/div>\n\t\t\t\t<div class=\"elementor-element elementor-element-51e63728 elementor-widget elementor-widget-text-editor\" data-id=\"51e63728\" data-element_type=\"widget\" data-e-type=\"widget\" data-widget_type=\"text-editor.default\">\n\t\t\t\t\t\t\t\t\t<ul><li style=\"font-weight: 400;\" aria-level=\"1\"><span style=\"font-weight: 400;\">Grand public adulte<\/span><\/li><li style=\"font-weight: 400;\" aria-level=\"1\"><span style=\"font-weight: 400;\">Entreprises dans le cadre d\u2019\u00e9v\u00e9nements internes ou QVT<\/span><\/li><li style=\"font-weight: 400;\" aria-level=\"1\"><span style=\"font-weight: 400;\">Collectivit\u00e9s territoriales<\/span><\/li><li style=\"font-weight: 400;\" aria-level=\"1\"><span style=\"font-weight: 400;\">Partenaires \u00e9v\u00e9nementiels et institutionnels<\/span><\/li><\/ul>\t\t\t\t\t\t\t\t<\/div>\n\t\t\t\t<\/div>\n\t\t\t\t\t<\/div>\n\t\t\t\t<\/div>\n\t\t<div class=\"elementor-element elementor-element-18d3531a e-flex e-con-boxed e-con e-parent\" data-id=\"18d3531a\" data-element_type=\"container\" data-e-type=\"container\" data-settings=\"{&quot;background_background&quot;:&quot;classic&quot;}\">\n\t\t\t\t\t<div class=\"e-con-inner\">\n\t\t\t\t<div class=\"elementor-element elementor-element-55195caf elementor-widget elementor-widget-heading\" data-id=\"55195caf\" data-element_type=\"widget\" data-e-type=\"widget\" data-widget_type=\"heading.default\">\n\t\t\t\t\t<h2 class=\"elementor-heading-title elementor-size-default\">Vous souhaitez participer avec vos \u00e9quipes ou sponsoriser l\u2019\u00e9v\u00e9nement ?<\/h2>\t\t\t\t<\/div>\n\t\t\t\t<div class=\"elementor-element elementor-element-4b09ad8c elementor-widget-divider--view-line elementor-widget elementor-widget-divider\" data-id=\"4b09ad8c\" data-element_type=\"widget\" data-e-type=\"widget\" data-widget_type=\"divider.default\">\n\t\t\t\t\t\t\t<div class=\"elementor-divider\">\n\t\t\t<span class=\"elementor-divider-separator\">\n\t\t\t\t\t\t<\/span>\n\t\t<\/div>\n\t\t\t\t\t\t<\/div>\n\t\t<div class=\"elementor-element elementor-element-2836244a e-con-full e-flex e-con e-child\" data-id=\"2836244a\" data-element_type=\"container\" data-e-type=\"container\">\n\t\t\t\t<div class=\"elementor-element elementor-element-2a765336 elementor-position-inline-start elementor-widget__width-initial elementor-view-default elementor-mobile-position-block-start elementor-widget elementor-widget-icon-box\" data-id=\"2a765336\" data-element_type=\"widget\" data-e-type=\"widget\" data-widget_type=\"icon-box.default\">\n\t\t\t\t\t\t\t<div class=\"elementor-icon-box-wrapper\">\n\n\t\t\t\t\t\t<div class=\"elementor-icon-box-icon\">\n\t\t\t\t<span  class=\"elementor-icon\">\n\t\t\t\t<svg aria-hidden=\"true\" class=\"e-font-icon-svg e-fas-ticket-alt\" viewBox=\"0 0 576 512\" xmlns=\"http:\/\/www.w3.org\/2000\/svg\"><path d=\"M128 160h320v192H128V160zm400 96c0 26.51 21.49 48 48 48v96c0 26.51-21.49 48-48 48H48c-26.51 0-48-21.49-48-48v-96c26.51 0 48-21.49 48-48s-21.49-48-48-48v-96c0-26.51 21.49-48 48-48h480c26.51 0 48 21.49 48 48v96c-26.51 0-48 21.49-48 48zm-48-104c0-13.255-10.745-24-24-24H120c-13.255 0-24 10.745-24 24v208c0 13.255 10.745 24 24 24h336c13.255 0 24-10.745 24-24V152z\"><\/path><\/svg>\t\t\t\t<\/span>\n\t\t\t<\/div>\n\t\t\t\n\t\t\t\t\t\t<div class=\"elementor-icon-box-content\">\n\n\t\t\t\t\t\t\t\t\t<h3 class=\"elementor-icon-box-title\">\n\t\t\t\t\t\t<span  >\n\t\t\t\t\t\t\tR\u00e9server votre place entreprise\t\t\t\t\t\t<\/span>\n\t\t\t\t\t<\/h3>\n\t\t\t\t\n\t\t\t\t\n\t\t\t<\/div>\n\t\t\t\n\t\t<\/div>\n\t\t\t\t\t\t<\/div>\n\t\t\t\t<div class=\"elementor-element elementor-element-31e63fbb elementor-position-inline-start elementor-widget__width-initial elementor-view-default elementor-mobile-position-block-start elementor-widget elementor-widget-icon-box\" data-id=\"31e63fbb\" data-element_type=\"widget\" data-e-type=\"widget\" data-widget_type=\"icon-box.default\">\n\t\t\t\t\t\t\t<div class=\"elementor-icon-box-wrapper\">\n\n\t\t\t\t\t\t<div class=\"elementor-icon-box-icon\">\n\t\t\t\t<span  class=\"elementor-icon\">\n\t\t\t\t<svg aria-hidden=\"true\" class=\"e-font-icon-svg e-fas-hands-helping\" viewBox=\"0 0 640 512\" xmlns=\"http:\/\/www.w3.org\/2000\/svg\"><path d=\"M488 192H336v56c0 39.7-32.3 72-72 72s-72-32.3-72-72V126.4l-64.9 39C107.8 176.9 96 197.8 96 220.2v47.3l-80 46.2C.7 322.5-4.6 342.1 4.3 357.4l80 138.6c8.8 15.3 28.4 20.5 43.7 11.7L231.4 448H368c35.3 0 64-28.7 64-64h16c17.7 0 32-14.3 32-32v-64h8c13.3 0 24-10.7 24-24v-48c0-13.3-10.7-24-24-24zm147.7-37.4L555.7 16C546.9.7 527.3-4.5 512 4.3L408.6 64H306.4c-12 0-23.7 3.4-33.9 9.7L239 94.6c-9.4 5.8-15 16.1-15 27.1V248c0 22.1 17.9 40 40 40s40-17.9 40-40v-88h184c30.9 0 56 25.1 56 56v28.5l80-46.2c15.3-8.9 20.5-28.4 11.7-43.7z\"><\/path><\/svg>\t\t\t\t<\/span>\n\t\t\t<\/div>\n\t\t\t\n\t\t\t\t\t\t<div class=\"elementor-icon-box-content\">\n\n\t\t\t\t\t\t\t\t\t<h3 class=\"elementor-icon-box-title\">\n\t\t\t\t\t\t<span  >\n\t\t\t\t\t\t\tDevenir sponsor du Fitness Music Festival\t\t\t\t\t\t<\/span>\n\t\t\t\t\t<\/h3>\n\t\t\t\t\n\t\t\t\t\n\t\t\t<\/div>\n\t\t\t\n\t\t<\/div>\n\t\t\t\t\t\t<\/div>\n\t\t\t\t<\/div>\n\t\t\t\t\t<\/div>\n\t\t\t\t<\/div>\n\t\t<div class=\"elementor-element elementor-element-e34d9cc e-flex e-con-boxed e-con e-parent\" data-id=\"e34d9cc\" data-element_type=\"container\" data-e-type=\"container\" data-settings=\"{&quot;background_background&quot;:&quot;classic&quot;}\">\n\t\t\t\t\t<div class=\"e-con-inner\">\n\t\t<div class=\"elementor-element elementor-element-1cc962e1 e-con-full e-flex e-con e-child\" data-id=\"1cc962e1\" data-element_type=\"container\" data-e-type=\"container\">\n\t\t\t\t<div class=\"elementor-element elementor-element-5a48feb3 elementor-widget elementor-widget-html\" data-id=\"5a48feb3\" data-element_type=\"widget\" data-e-type=\"widget\" data-widget_type=\"html.default\">\n\t\t\t\t\t<div style=\"text-align: center;\">\n    <a href=\"mailto:contact.wedoevent@gmail.com\" class=\"btn-speed\">\n        <span>CONTACT<\/span>\n    <\/a>\n<\/div>\t\t\t\t<\/div>\n\t\t\t\t<\/div>\n\t\t\t\t\t<\/div>\n\t\t\t\t<\/div>\n\t\t\t\t<\/div>\n\t\t","protected":false},"excerpt":{"rendered":"<p>FITNESS NIGHT Une exp\u00e9rience fitness immersive entre sport, musique et lumi\u00e8re DEMANDER UN DEVIS LE Fitness NIGHT Fitness Night est une soir\u00e9e immersive m\u00ealant sport, musique et ambiance \u00e9v\u00e9nementielle, qui se d\u00e9roulera le samedi 27 juin 2026 au gymnase Japy 75011 Paris. Pens\u00e9e comme une v\u00e9ritable exp\u00e9rience nocturne, Fitness Night transforme la pratique sportive en [&hellip;]<\/p>\n","protected":false},"author":1,"featured_media":0,"parent":0,"menu_order":0,"comment_status":"closed","ping_status":"closed","template":"","meta":{"footnotes":""},"class_list":["post-1713","page","type-page","status-publish","hentry"],"_links":{"self":[{"href":"https:\/\/www.we-doevents.com\/index.php\/wp-json\/wp\/v2\/pages\/1713","targetHints":{"allow":["GET"]}}],"collection":[{"href":"https:\/\/www.we-doevents.com\/index.php\/wp-json\/wp\/v2\/pages"}],"about":[{"href":"https:\/\/www.we-doevents.com\/index.php\/wp-json\/wp\/v2\/types\/page"}],"author":[{"embeddable":true,"href":"https:\/\/www.we-doevents.com\/index.php\/wp-json\/wp\/v2\/users\/1"}],"replies":[{"embeddable":true,"href":"https:\/\/www.we-doevents.com\/index.php\/wp-json\/wp\/v2\/comments?post=1713"}],"version-history":[{"count":56,"href":"https:\/\/www.we-doevents.com\/index.php\/wp-json\/wp\/v2\/pages\/1713\/revisions"}],"predecessor-version":[{"id":2052,"href":"https:\/\/www.we-doevents.com\/index.php\/wp-json\/wp\/v2\/pages\/1713\/revisions\/2052"}],"wp:attachment":[{"href":"https:\/\/www.we-doevents.com\/index.php\/wp-json\/wp\/v2\/media?parent=1713"}],"curies":[{"name":"wp","href":"https:\/\/api.w.org\/{rel}","templated":true}]}}